{"id":60,"date":"2026-05-04T20:44:08","date_gmt":"2026-05-04T20:44:08","guid":{"rendered":"https:\/\/bio-fitness.com.ar\/tienda\/?post_type=product&#038;p=60"},"modified":"2026-05-05T10:36:00","modified_gmt":"2026-05-05T10:36:00","slug":"2-actividades","status":"publish","type":"product","link":"https:\/\/bio-fitness.com.ar\/tienda\/producto\/2-actividades\/","title":{"rendered":"2 Actividades"},"content":{"rendered":"<p data-start=\"242\" data-end=\"364\">Entrenar siempre lo mismo te estanca.<br data-start=\"279\" data-end=\"282\" \/>Por eso en Bio pod\u00e9s combinar 2 actividades y armar un entrenamiento m\u00e1s completo.<\/p>\n<p data-start=\"366\" data-end=\"493\">Eleg\u00eds las disciplinas que mejor se adapten a vos: musculaci\u00f3n, funcional, spinning, TRX, kickboxing o entrenamiento en equipo.<\/p>\n<p data-start=\"495\" data-end=\"566\">La combinaci\u00f3n te da m\u00e1s est\u00edmulo, m\u00e1s motivaci\u00f3n y mejores resultados.<\/p>\n<p data-start=\"568\" data-end=\"671\">No es solo variedad.<br data-start=\"588\" data-end=\"591\" \/>Es entrenar de forma inteligente, trabajando el cuerpo desde distintos enfoques.<\/p>\n<p data-start=\"673\" data-end=\"762\">Adem\u00e1s, segu\u00eds contando con acompa\u00f1amiento de profes para guiarte y ayudarte a progresar.<\/p>\n<p data-start=\"764\" data-end=\"843\" data-is-last-node=\"\" data-is-only-node=\"\">Entren\u00e1 distinto, manten\u00e9 la constancia y llev\u00e1 tu progreso al siguiente nivel.<\/p>\n","protected":false},"excerpt":{"rendered":"<p>Eleg\u00ed 2 actividades y entren\u00e1 a tu manera.<br data-start=\"157\" data-end=\"160\" \/>M\u00e1s variedad, m\u00e1s motivaci\u00f3n y mejores resultados.<\/p>\n","protected":false},"featured_media":61,"template":"","meta":{"site-sidebar-layout":"default","site-content-layout":"","ast-site-content-layout":"default","site-content-style":"default","site-sidebar-style":"default","ast-global-header-display":"","ast-banner-title-visibility":"","ast-main-header-display":"","ast-hfb-above-header-display":"","ast-hfb-below-header-display":"","ast-hfb-mobile-header-display":"","site-post-title":"","ast-breadcrumbs-content":"","ast-featured-img":"","footer-sml-layout":"","ast-disable-related-posts":"","theme-transparent-header-meta":"default","adv-header-id-meta":"","stick-header-meta":"","header-above-stick-meta":"","header-main-stick-meta":"","header-below-stick-meta":"","astra-migrate-meta-layouts":"set","ast-page-background-enabled":"default","ast-page-background-meta":{"desktop":{"background-color":"var(--ast-global-color-5)","background-image":"","background-repeat":"repeat","background-position":"center center","background-size":"auto","background-attachment":"scroll","background-type":"","background-media":"","overlay-type":"","overlay-color":"","overlay-opacity":"","overlay-gradient":""},"tablet":{"background-color":"","background-image":"","background-repeat":"repeat","background-position":"center center","background-size":"auto","background-attachment":"scroll","background-type":"","background-media":"","overlay-type":"","overlay-color":"","overlay-opacity":"","overlay-gradient":""},"mobile":{"background-color":"","background-image":"","background-repeat":"repeat","background-position":"center center","background-size":"auto","background-attachment":"scroll","background-type":"","background-media":"","overlay-type":"","overlay-color":"","overlay-opacity":"","overlay-gradient":""}},"ast-content-background-meta":{"desktop":{"background-color":"var(--ast-global-color-4)","background-image":"","background-repeat":"repeat","background-position":"center center","background-size":"auto","background-attachment":"scroll","background-type":"","background-media":"","overlay-type":"","overlay-color":"","overlay-opacity":"","overlay-gradient":""},"tablet":{"background-color":"var(--ast-global-color-4)","background-image":"","background-repeat":"repeat","background-position":"center center","background-size":"auto","background-attachment":"scroll","background-type":"","background-media":"","overlay-type":"","overlay-color":"","overlay-opacity":"","overlay-gradient":""},"mobile":{"background-color":"var(--ast-global-color-4)","background-image":"","background-repeat":"repeat","background-position":"center center","background-size":"auto","background-attachment":"scroll","background-type":"","background-media":"","overlay-type":"","overlay-color":"","overlay-opacity":"","overlay-gradient":""}}},"product_brand":[],"product_cat":[25],"product_tag":[],"class_list":{"0":"post-60","1":"product","2":"type-product","3":"status-publish","4":"has-post-thumbnail","6":"product_cat-promos","7":"desktop-align-left","8":"tablet-align-left","9":"mobile-align-left","11":"first","12":"instock","13":"shipping-taxable","14":"purchasable","15":"product-type-simple"},"_links":{"self":[{"href":"https:\/\/bio-fitness.com.ar\/tienda\/wp-json\/wp\/v2\/product\/60","targetHints":{"allow":["GET"]}}],"collection":[{"href":"https:\/\/bio-fitness.com.ar\/tienda\/wp-json\/wp\/v2\/product"}],"about":[{"href":"https:\/\/bio-fitness.com.ar\/tienda\/wp-json\/wp\/v2\/types\/product"}],"wp:featuredmedia":[{"embeddable":true,"href":"https:\/\/bio-fitness.com.ar\/tienda\/wp-json\/wp\/v2\/media\/61"}],"wp:attachment":[{"href":"https:\/\/bio-fitness.com.ar\/tienda\/wp-json\/wp\/v2\/media?parent=60"}],"wp:term":[{"taxonomy":"product_brand","embeddable":true,"href":"https:\/\/bio-fitness.com.ar\/tienda\/wp-json\/wp\/v2\/product_brand?post=60"},{"taxonomy":"product_cat","embeddable":true,"href":"https:\/\/bio-fitness.com.ar\/tienda\/wp-json\/wp\/v2\/product_cat?post=60"},{"taxonomy":"product_tag","embeddable":true,"href":"https:\/\/bio-fitness.com.ar\/tienda\/wp-json\/wp\/v2\/product_tag?post=60"}],"curies":[{"name":"wp","href":"https:\/\/api.w.org\/{rel}","templated":true}]}}