{"id":62,"date":"2026-05-05T09:40:03","date_gmt":"2026-05-05T09:40:03","guid":{"rendered":"https:\/\/bio-fitness.com.ar\/tienda\/?post_type=product&#038;p=62"},"modified":"2026-05-05T16:18:16","modified_gmt":"2026-05-05T16:18:16","slug":"3-actividades","status":"publish","type":"product","link":"https:\/\/bio-fitness.com.ar\/tienda\/producto\/3-actividades\/","title":{"rendered":"3 Actividades"},"content":{"rendered":"<p data-start=\"225\" data-end=\"294\">Si quer\u00e9s avanzar de verdad, necesit\u00e1s un entrenamiento m\u00e1s completo.<\/p>\n<p data-start=\"296\" data-end=\"426\">Con la promo de<strong> 3 actividades<\/strong> pod\u00e9s combinar distintas disciplinas durante la semana y trabajar el cuerpo desde todos los \u00e1ngulos.<\/p>\n<p data-start=\"428\" data-end=\"519\">Sum\u00e1s fuerza, cardio y clases din\u00e1micas para evitar el estancamiento y mantenerte motivado.<\/p>\n<p data-start=\"521\" data-end=\"555\">No es hacer m\u00e1s\u2026 es hacerlo mejor.<\/p>\n<p data-start=\"557\" data-end=\"673\">Ten\u00e9s variedad, acompa\u00f1amiento de profes en cada actividad y la posibilidad de armar una rutina que se adapte a vos.<\/p>\n<p data-start=\"675\" data-end=\"776\">Es ideal si busc\u00e1s resultados m\u00e1s r\u00e1pidos, sostener el h\u00e1bito y llevar tu entrenamiento a otro nivel.<\/p>\n<p data-start=\"778\" data-end=\"830\" data-is-last-node=\"\" data-is-only-node=\"\">Entren\u00e1 con estrategia, combin\u00e1 y progres\u00e1 en serio.<\/p>\n","protected":false},"excerpt":{"rendered":"<p>Eleg\u00ed <strong>3 actividades<\/strong> y entren\u00e1 sin l\u00edmites.<br data-start=\"140\" data-end=\"143\" \/>M\u00e1s variedad, m\u00e1s constancia y mejores resultados.<\/p>\n","protected":false},"featured_media":63,"template":"","meta":{"site-sidebar-layout":"default","site-content-layout":"","ast-site-content-layout":"default","site-content-style":"default","site-sidebar-style":"default","ast-global-header-display":"","ast-banner-title-visibility":"","ast-main-header-display":"","ast-hfb-above-header-display":"","ast-hfb-below-header-display":"","ast-hfb-mobile-header-display":"","site-post-title":"","ast-breadcrumbs-content":"","ast-featured-img":"","footer-sml-layout":"","ast-disable-related-posts":"","theme-transparent-header-meta":"default","adv-header-id-meta":"","stick-header-meta":"","header-above-stick-meta":"","header-main-stick-meta":"","header-below-stick-meta":"","astra-migrate-meta-layouts":"set","ast-page-background-enabled":"default","ast-page-background-meta":{"desktop":{"background-color":"var(--ast-global-color-5)","background-image":"","background-repeat":"repeat","background-position":"center center","background-size":"auto","background-attachment":"scroll","background-type":"","background-media":"","overlay-type":"","overlay-color":"","overlay-opacity":"","overlay-gradient":""},"tablet":{"background-color":"","background-image":"","background-repeat":"repeat","background-position":"center center","background-size":"auto","background-attachment":"scroll","background-type":"","background-media":"","overlay-type":"","overlay-color":"","overlay-opacity":"","overlay-gradient":""},"mobile":{"background-color":"","background-image":"","background-repeat":"repeat","background-position":"center center","background-size":"auto","background-attachment":"scroll","background-type":"","background-media":"","overlay-type":"","overlay-color":"","overlay-opacity":"","overlay-gradient":""}},"ast-content-background-meta":{"desktop":{"background-color":"var(--ast-global-color-4)","background-image":"","background-repeat":"repeat","background-position":"center center","background-size":"auto","background-attachment":"scroll","background-type":"","background-media":"","overlay-type":"","overlay-color":"","overlay-opacity":"","overlay-gradient":""},"tablet":{"background-color":"var(--ast-global-color-4)","background-image":"","background-repeat":"repeat","background-position":"center center","background-size":"auto","background-attachment":"scroll","background-type":"","background-media":"","overlay-type":"","overlay-color":"","overlay-opacity":"","overlay-gradient":""},"mobile":{"background-color":"var(--ast-global-color-4)","background-image":"","background-repeat":"repeat","background-position":"center center","background-size":"auto","background-attachment":"scroll","background-type":"","background-media":"","overlay-type":"","overlay-color":"","overlay-opacity":"","overlay-gradient":""}}},"product_brand":[],"product_cat":[25],"product_tag":[],"class_list":{"0":"post-62","1":"product","2":"type-product","3":"status-publish","4":"has-post-thumbnail","6":"product_cat-promos","7":"desktop-align-left","8":"tablet-align-left","9":"mobile-align-left","11":"first","12":"instock","13":"shipping-taxable","14":"purchasable","15":"product-type-simple"},"_links":{"self":[{"href":"https:\/\/bio-fitness.com.ar\/tienda\/wp-json\/wp\/v2\/product\/62","targetHints":{"allow":["GET"]}}],"collection":[{"href":"https:\/\/bio-fitness.com.ar\/tienda\/wp-json\/wp\/v2\/product"}],"about":[{"href":"https:\/\/bio-fitness.com.ar\/tienda\/wp-json\/wp\/v2\/types\/product"}],"wp:featuredmedia":[{"embeddable":true,"href":"https:\/\/bio-fitness.com.ar\/tienda\/wp-json\/wp\/v2\/media\/63"}],"wp:attachment":[{"href":"https:\/\/bio-fitness.com.ar\/tienda\/wp-json\/wp\/v2\/media?parent=62"}],"wp:term":[{"taxonomy":"product_brand","embeddable":true,"href":"https:\/\/bio-fitness.com.ar\/tienda\/wp-json\/wp\/v2\/product_brand?post=62"},{"taxonomy":"product_cat","embeddable":true,"href":"https:\/\/bio-fitness.com.ar\/tienda\/wp-json\/wp\/v2\/product_cat?post=62"},{"taxonomy":"product_tag","embeddable":true,"href":"https:\/\/bio-fitness.com.ar\/tienda\/wp-json\/wp\/v2\/product_tag?post=62"}],"curies":[{"name":"wp","href":"https:\/\/api.w.org\/{rel}","templated":true}]}}